e second derivative of -o**4/12 - o**3/3 + 6*o**2 - 19*o. Let a(x) be the first derivative of s(x). Give a(z).
-6
Let c(t) be the second derivative of t**7/2520 - t**6/180 - t**5/40 + 7*t**4/4 - 3*t. Let y(s) be the third derivative of c(s). What is y(5)?
2
Let g(c) = -c - 2. Let f be g(-4). Let b(d) be the first derivative of d**4/4 - d**3/3 - d**2/2 + 2*d + 108. What is b(f)?
4
Let h(j) = -8*j**3 - 5*j**2 + j - 4. Let d(n) = -7*n**3 - 5*n**2 - 4. Let z be -2 - (-13 + 1 + 3). Let v(x) = z*d(x) - 6*h(x). What is v(-4)?
4
Let b(x) = 10*x**3 + x**2 - 1. Let f = -13 - -18. Let i = 7 - f. Suppose -y - i = -3*y. Calculate b(y).
10
Let d be ((9/2)/3)/(9/(-24)). Let m(k) = -21*k - 23*k + 43*k - 9. Calculate m(d).
-5
Let q(h) = 3*h**2 - 4*h + 2. Let x(a) = -a**3 + 8*a**2 + 28*a - 6. Let j be x(11). Let v = -58 - j. What is q(v)?
17
Suppose 12*h = 9*h - 12. Let k(i) = -5*i**2 + 2*i - 5. Let d(j) = 1. Let r(g) = h*d(g) - k(g). Determine r(1).
4
Let s(v) = v**2 + 9*v + 6. Let q(w) = -w**2 - 8*w - 3. Let t be q(-4). Let r = -22 + t. Give s(r).
6
Let c = -2 + -3. Let d(z) = -1 + 6*z - 5*z - 7*z - z**2 - z**2. Determine d(c).
-21
Let i(t) be the third derivative of 3*t**6/40 + t**3/6 - 97*t**2. What is i(-1)?
-8
Suppose -6 + 18 = -12*w. Let r(t) = 2*t - 2. What is r(w)?
-4
Let c = -5 - -10. Let y(t) = -3*t - 1233 + 3*t + t + 1231. Determine y(c).
3
Let o(k) = -k**2 + 4*k + 4. Let i(z) = -4*z**3 - 6*z**2 + 6*z + 4. Let j be i(-2). Calculate o(j).
4
Let r be -2 - (-5)/1 - (8 - 11). Let u(i) = -7 - i + 2*i - 2*i + r*i**2 - i**3. Suppose -5*q = -l + 3*l - 22, -2*q = 5*l - 34. Calculate u(l).
-13
Let b(c) be the second derivative of c**7/2520 + c**6/80 - c**5/40 - c**4/2 - 5*c**2/2 - 36*c. Let z(a) be the third derivative of b(a). Determine z(-10).
7
Let v(m) = -m**2 + 5*m + 8. Let q(c) = 4*c - 2. Suppose 0 = -2*o + 10 - 6. Let k be q(o). What is v(k)?
2
Let w = 734 - 725. Let a(b) = -b**3 + 8*b**2 + 8*b - 1. Calculate a(w).
-10
Let o(x) = x**2 + 6*x. Suppose 0 = 8*b + 16. Let v(z) = -z**2 + z. Let c(r) = b*v(r) - o(r). Determine c(7).
-7
Let c be 90/42 + (-1)/7. Let h(t) = 75*t**2 - 81*t**c - 3*t**3 + 2*t**3. Give h(-6).
0
Let h(s) be the first derivative of s**3/3 + 11*s**2/2 - s + 710. Calculate h(-11).
-1
Suppose -2*x + 0*x = -6. Let n be (11/x)/(4/(-12)). Let o(i) = i + 10. Let z be o(n). Let l(f) = -2*f. Determine l(z).
2
Let n(l) = 2*l - 4. Let y be n(4). Let v(r) = -3 - 2 + 7*r + y. Let q = 206 - 205. Calculate v(q).
6
Suppose -2*c = 5*t - 74, -c - t = -3*c + 50. Let p = c + -29. Let x(v) = 3*v + 2. Calculate x(p).
-4
Let t(b) be the second derivative of -b**8/6720 - b**7/360 - b**6/720 + b**5/30 - 4*b**4/3 - 42*b. Let f(j) be the third derivative of t(j). Give f(-6).
-26
Let q(z) = z**3 + 2*z**2 - 3*z - 5. Let o = 59 - 63. Calculate q(o).
-25
Let m(x) = 3*x + 4. Let j(d) = -3*d. Let h(p) = 2*p - 4. Let n be h(3). Let o be j(n). Let t = 1 + o. Give m(t).
-11
Let r(b) be the first derivative of -3/2*b**2 + 1/4*b**4 - 1 + 0*b + 1/6*b**3 + 1/60*b**5. Let a(o) be the second derivative of r(o). Give a(-5).
-4
Suppose 0 = 5*r - 15. Suppose 0 = 3*p + 6, -r*c - 4*p = -c + 16. Let u(z) = 6*z**3 + 5*z**2 - 16*z - 4 - 2*z**3 - 3*z**3 + 20*z. Determine u(c).
-4
Let g(t) = -t**2 - 9*t - 6. Suppose -4*q + 5*k - 1 = 3, -3*q = -3*k + 6. Give g(q).
12
Let x(r) be the third derivative of 7*r**4/24 - r**3/6 + r**2. Suppose -14*v + 16*v = -36. Let g = -17 - v. Determine x(g).
6
Let i(c) be the third derivative of c**6/120 + c**5/20 + c**4/24 - c**3/6 - c**2. Let k = 14 - 9. Suppose -3*u = -3*m + 12, -m + k*m - 18 = 5*u. What is i(u)?
1
Let z(b) = -3*b - 3. Let q(n) = 3 + 4*n + 2*n + 2 + 1. Suppose -9 = -5*o - 29. Let u(r) = o*q(r) - 9*z(r). Determine u(-2).
-3
Let a(j) = -j - 2. Suppose -g = -4*r + 14, g + 5*r = 2*g + 19. Let t be (-2)/g - (-147)/9. Let p = -24 + t. Give a(p).
6
Let w(u) = 6*u + 4. Let q(j) = j - 1. Let o = 9 - 5. Let v be 2*o/(-8)*-1. Let g(s) = v*w(s) - 4*q(s). Give g(-6).
-4
Let v be -63 - -57 - (2 + -11). Let r(f) = 2*f**3 - 5*f**2 - 5*f + 6. What is r(v)?
0
Suppose -17*z + 32 = -53. Let d(l) = l**3 - 6*l**2 + 4*l + 1. Determine d(z).
-4
Let p(y) = y - 8. Suppose -33*x - 143 = -46*x. Give p(x).
3
Let i = 34 - 34. Let r(j) = -4*j + 3*j + 3 + i*j + j**3 - 3*j**2. Suppose 15 = -3*n + 8*n. Calculate r(n).
0
Suppose 16*o = 6*o + 50. Let y(s) = 3*s + 5. Calculate y(o).
20
Suppose 7*p = 5*p + 4. Suppose m + 2*y = p*m - 5, -3*y = m. Let h(a) = a**2 - 3*a. Calculate h(m).
0
Suppose 0 = 2*p - 5*z + 29, -5*z + 26 - 1 = 0. Let u(c) be the second derivative of c**4/12 + c**2 - 5*c. Calculate u(p).
6
Let h(u) = u**2 + 4 - 2*u**2 - 2*u + 5*u**2 - 2. Let x(b) = 2*b + 4. Let o be x(-5). Let q = -4 - o. Determine h(q).
14
Let u(n) = -2*n**3 + 52*n**2 + n - 30. Let c be u(26). Let t(r) = 3*r + 3. Determine t(c).
-9
Let g(r) = 2*r + 9. Suppose -2*h + 3 = q, 1 + 2 = -4*q - 5*h. Give g(q).
-5
Let k(s) = 2 - 5 - 1 - s + 1. Let d(n) = -9*n - 141. Let r be d(-15). Give k(r).
3
Let r(t) = -t**3 - 12*t**2 - t + 3. Let l be r(-12). Let z(i) = 2 - l*i + 0*i - 3 + 2. Let v(f) = -15*f + 1. Let s(p) = 4*v(p) - 3*z(p). Determine s(1).
-14
Let b(h) be the third derivative of h**4/4 - h**3/2 + 52*h**2 + 2*h. Determine b(5).
27
Let t(f) = -f**3 + 5*f**2 - 3*f - 4. Let o(k) = 2*k**3 - 9*k**2 + 6*k + 5. Let p(r) = -3*o(r) - 5*t(r). What is p(4)?
-39
Let b(f) be the third derivative of -7/24*f**4 + 1/60*f**5 + 0 - 15*f**2 + 0*f + 5/6*f**3. Calculate b(4).
-7
Let y(h) = h**3 - 12*h**2 + 9*h - 1. Let m = -204 - -215. Give y(m).
-23
Suppose -2*t - 10 = -7*t. Let q = 221 - 219. Let d(h) = -6*h + 5 + 0 + 3*h**q - 2*h**2 - t. Give d(3).
-6
Let i(s) = -284*s - 287*s + 570*s + 4. What is i(6)?
-2
Let m(u) = 2*u**3 - 10*u**2 + 11*u - 10. Let p(d) = 2*d**3 - 9*d**2 + 12*d - 12. Let t(r) = 3*m(r) - 2*p(r). Give t(5).
-11
Let c(y) = 2*y + 0*y - y. Suppose v - 13 = 4. Let n = -15 + v. What is c(n)?
2
Suppose -12 = 3*k - 3. Let q = 7 - 5. Let s(p) = -4*p - 2*p**2 - 1 - q + p**2. Give s(k).
0
Let k(r) = -7*r**3 - 2*r**2 + 5*r**3 + r**3 + 11 - 8 + 4*r. Determine k(-2).
-5
Suppose 3*k - 15 + 12 = 0. Let n(w) = 352*w**2 + k - 3*w - 6 - w**3 - 356*w**2. What is n(-4)?
7
Let o(i) = -i**2 - 8*i + 5. Suppose -2*s + 42 = -4*s. Let d = 13 + s. Let g be o(d). Let t(n) = n**2 - 4*n + 4. Give t(g).
9
Let b(n) be the second derivative of n**3/6 + n**2 + 8*n. Let p be (5/6)/((-2)/12). Give b(p).
-3
Let m(x) = -6*x**2 + x. Suppose 0 = 5*s - 9 - 1. Calculate m(s).
-22
Let m(b) = -b - 9. Let f(x) = -1. Let u(r) = -3*f(r) - m(r). Calculate u(-10).
2
Let b(p) = p**3 + 3*p**2 - 3*p. Let z(l) = l**3 - 16*l**2 + 31*l - 39. Let n be z(14). Determine b(n).
45
Let r(c) = 2*c. Suppose -m = -5*m + 4*t - 12, -4*t = -m + 12. What is r(m)?
-16
Let g(h) be the third derivative of 0 + 1/60*h**5 + 0*h + 1/3*h**3 + 8*h**2 + 1/8*h**4. Let w(k) = -k**2 - k - 1. Let r(a) = -g(a) - 2*w(a). Calculate r(1).
0
Let f = -37 + 36. Let m(k) be the third derivative of k**4/8 - 5*k**3/6 - k**2. Let y(h) = -32*h + 56. Let g(d) = -56*m(d) - 5*y(d). Calculate g(f).
8
Let j = -527 + 529. Let l(b) be the third derivative of b**5/60 - b**4/24 + b**3/3 + b**2. Give l(j).
4
Suppose 4*p - 4*s - 4 = 0, 16 = 2*p + 4*s + s. Suppose 4*h + p = h. Let a(x) be the first derivative of -4*x**3/3 - x + 331. What is a(h)?
-5
Let x(o) = -2*o + 23. Let g(m) = 3*m - 27. Let y(p) = -3*g(p) - 4*x(p). Suppose 6*h + 24 = 3*h. Give y(h).
-3
Let v(h) be the third derivative of -h**5/30 - h**4/12 + 5*h**2. Suppose -4*g = -4*i - 16, 2*i = 3*i - 4*g + 19. Let j be (5 - 4)*i*-3. Calculate v(j).
-12
Let o(d) = -7 + d + 5 - 3*d - d. Let b(k) = k**2 - 8*k + 9. Let l be b(7). Determine o(l).
-8
Let v(s) = s**3 - 5*s**2 - 12*s + 33. Let m be v(6). Let l(r) = -2*r - 10. Calculate l(m).
-4
Let k be (-2 + 3)*(16 - -1). Suppose -10 - k = -3*j. Let a(g) = 3 + g**3 + 7 - j. Determine a(0).
1
Let i be (0 + 1)*18/6. Suppose -i*c - 11 = -5*c + 3*n, 4*c + 3*n = -5. Let z be c/(-4) + 5/4. Let x(u) = 12*u**3 - u. Give x(z).
11
Let h(g) be the third derivative of g**5/60 - g**4/24 + g**3/3 - 107*g**2 + g. Give h(4).
14
Let c(b) be the second derivative of b**3/6 + 7*b**2 + 20*b. Calculate c(-12).
2
Let k(u) = 6*u**2 + 18*u - 1. Let m(h) = 7*h**2 + 22*h - 1. Let w(r) = -5*k(r) + 4*m(r). Give w(-2).